{"id":4722,"date":"2026-08-17T14:11:22","date_gmt":"2026-08-17T14:11:22","guid":{"rendered":"https:\/\/www.dev.pankrome.fr\/MJC\/?post_type=professeur&#038;p=4722"},"modified":"2026-08-17T14:56:02","modified_gmt":"2026-08-17T14:56:02","slug":"arthur-bounet","status":"publish","type":"professeur","link":"https:\/\/www.dev.pankrome.fr\/MJC\/professeur\/arthur-bounet\/","title":{"rendered":"Arthur BOUNET"},"excerpt":{"rendered":"<p>\u00ab\u00a0Arthur est dipl\u00f4m\u00e9 en musique actuelles et jazz, gr\u00e2ce \u00e0 ses ann\u00e9es d&rsquo;\u00e9tudes au conservatoire et son exp\u00e9rience sur sc\u00e8ne, il peut s&rsquo;adapter \u00e0 tout niveaux et styles pour ses \u00e9l\u00e8ves\u00a0\u00bb<\/p>\n","protected":false},"featured_media":4726,"template":"","class_list":["post-4722","professeur","type-professeur","status-publish","has-post-thumbnail","hentry"],"acf":[],"_links":{"self":[{"href":"https:\/\/www.dev.pankrome.fr\/MJC\/wp-json\/wp\/v2\/professeur\/4722","targetHints":{"allow":["GET"]}}],"collection":[{"href":"https:\/\/www.dev.pankrome.fr\/MJC\/wp-json\/wp\/v2\/professeur"}],"about":[{"href":"https:\/\/www.dev.pankrome.fr\/MJC\/wp-json\/wp\/v2\/types\/professeur"}],"wp:featuredmedia":[{"embeddable":true,"href":"https:\/\/www.dev.pankrome.fr\/MJC\/wp-json\/wp\/v2\/media\/4726"}],"wp:attachment":[{"href":"https:\/\/www.dev.pankrome.fr\/MJC\/wp-json\/wp\/v2\/media?parent=4722"}],"curies":[{"name":"wp","href":"https:\/\/api.w.org\/{rel}","templated":true}]}}

<p>« Arthur est diplômé en musique actuelles et jazz, grâce à ses années d&rsquo;études au conservatoire et son expérience sur scène, il peut s&rsquo;adapter à tout niveaux et styles pour ses élèves »</p>
