{"id":3892,"date":"2026-07-07T12:30:15","date_gmt":"2026-07-07T12:30:15","guid":{"rendered":"https:\/\/www.dev.pankrome.fr\/MJC\/?post_type=professeur&#038;p=3892"},"modified":"2026-07-07T12:34:44","modified_gmt":"2026-07-07T12:34:44","slug":"joelle-stechel","status":"publish","type":"professeur","link":"https:\/\/www.dev.pankrome.fr\/MJC\/professeur\/joelle-stechel\/","title":{"rendered":"Jo\u00eblle STECHEL"},"excerpt":{"rendered":"<p>Journaliste en presse \u00e9crite puis audiovisuel public (La 3, La 5), r\u00e9alisatrice de documentaires (La 2, La 3, La 5, Arte, Mezzo&#8230;), psychoth\u00e9rapeute en lib\u00e9ral (Dipl\u00f4m\u00e9e du CIFP Paris) et animatrice d\u2019ateliers d\u2019\u00e9criture.<\/p>\n","protected":false},"featured_media":3901,"template":"","class_list":["post-3892","professeur","type-professeur","status-publish","has-post-thumbnail","hentry"],"acf":[],"_links":{"self":[{"href":"https:\/\/www.dev.pankrome.fr\/MJC\/wp-json\/wp\/v2\/professeur\/3892","targetHints":{"allow":["GET"]}}],"collection":[{"href":"https:\/\/www.dev.pankrome.fr\/MJC\/wp-json\/wp\/v2\/professeur"}],"about":[{"href":"https:\/\/www.dev.pankrome.fr\/MJC\/wp-json\/wp\/v2\/types\/professeur"}],"wp:featuredmedia":[{"embeddable":true,"href":"https:\/\/www.dev.pankrome.fr\/MJC\/wp-json\/wp\/v2\/media\/3901"}],"wp:attachment":[{"href":"https:\/\/www.dev.pankrome.fr\/MJC\/wp-json\/wp\/v2\/media?parent=3892"}],"curies":[{"name":"wp","href":"https:\/\/api.w.org\/{rel}","templated":true}]}}

Joëlle STECHEL

<p>Journaliste en presse écrite puis audiovisuel public (La 3, La 5), réalisatrice de documentaires (La 2, La 3, La 5, Arte, Mezzo&#8230;), psychothérapeute en libéral (Diplômée du CIFP Paris) et animatrice d’ateliers d’écriture.</p>
