{"id":1726,"date":"2026-04-16T12:45:02","date_gmt":"2026-04-16T12:45:02","guid":{"rendered":"https:\/\/dev.pankrome.fr\/mjcaix\/?post_type=professeur&#038;p=1726"},"modified":"2026-04-16T12:54:02","modified_gmt":"2026-04-16T12:54:02","slug":"francis-kerros","status":"publish","type":"professeur","link":"https:\/\/www.dev.pankrome.fr\/MJC\/professeur\/francis-kerros\/","title":{"rendered":"Francis KERROS"},"excerpt":{"rendered":"<p>Professeur de chant et coach vocal certifi \u00e9, il met son exp\u00e9rience sc\u00e9nique au service d\u2019un enseignement favorisant une expression libre et authentique.<\/p>\n","protected":false},"featured_media":1798,"template":"","class_list":["post-1726","professeur","type-professeur","status-publish","has-post-thumbnail","hentry"],"acf":[],"_links":{"self":[{"href":"https:\/\/www.dev.pankrome.fr\/MJC\/wp-json\/wp\/v2\/professeur\/1726","targetHints":{"allow":["GET"]}}],"collection":[{"href":"https:\/\/www.dev.pankrome.fr\/MJC\/wp-json\/wp\/v2\/professeur"}],"about":[{"href":"https:\/\/www.dev.pankrome.fr\/MJC\/wp-json\/wp\/v2\/types\/professeur"}],"wp:featuredmedia":[{"embeddable":true,"href":"https:\/\/www.dev.pankrome.fr\/MJC\/wp-json\/wp\/v2\/media\/1798"}],"wp:attachment":[{"href":"https:\/\/www.dev.pankrome.fr\/MJC\/wp-json\/wp\/v2\/media?parent=1726"}],"curies":[{"name":"wp","href":"https:\/\/api.w.org\/{rel}","templated":true}]}}

<p>Professeur de chant et coach vocal certifi é, il met son expérience scénique au service d’un enseignement favorisant une expression libre et authentique.</p>
