{"id":1715,"date":"2026-04-16T12:08:35","date_gmt":"2026-04-16T12:08:35","guid":{"rendered":"https:\/\/dev.pankrome.fr\/mjcaix\/?post_type=professeur&#038;p=1715"},"modified":"2026-04-16T12:54:50","modified_gmt":"2026-04-16T12:54:50","slug":"eliz","status":"publish","type":"professeur","link":"https:\/\/www.dev.pankrome.fr\/MJC\/professeur\/eliz\/","title":{"rendered":"Eliz"},"excerpt":{"rendered":"<p>Illustratrice dipl\u00f4m\u00e9e en arts appliqu\u00e9s, elle partage aujourd\u2019hui sa passion de l\u2019image, du r\u00e9cit et des techniques acquises depuis l\u2019enfance.<\/p>\n","protected":false},"featured_media":1787,"template":"","class_list":["post-1715","professeur","type-professeur","status-publish","has-post-thumbnail","hentry"],"acf":[],"_links":{"self":[{"href":"https:\/\/www.dev.pankrome.fr\/MJC\/wp-json\/wp\/v2\/professeur\/1715","targetHints":{"allow":["GET"]}}],"collection":[{"href":"https:\/\/www.dev.pankrome.fr\/MJC\/wp-json\/wp\/v2\/professeur"}],"about":[{"href":"https:\/\/www.dev.pankrome.fr\/MJC\/wp-json\/wp\/v2\/types\/professeur"}],"wp:featuredmedia":[{"embeddable":true,"href":"https:\/\/www.dev.pankrome.fr\/MJC\/wp-json\/wp\/v2\/media\/1787"}],"wp:attachment":[{"href":"https:\/\/www.dev.pankrome.fr\/MJC\/wp-json\/wp\/v2\/media?parent=1715"}],"curies":[{"name":"wp","href":"https:\/\/api.w.org\/{rel}","templated":true}]}}

<p>Illustratrice diplômée en arts appliqués, elle partage aujourd’hui sa passion de l’image, du récit et des techniques acquises depuis l’enfance.</p>
