{"id":3745,"date":"2026-07-02T15:10:14","date_gmt":"2026-07-02T15:10:14","guid":{"rendered":"https:\/\/www.dev.pankrome.fr\/MJC\/?page_id=3745"},"modified":"2026-07-07T12:01:23","modified_gmt":"2026-07-07T12:01:23","slug":"stages-vacances-de-printemps-paques","status":"publish","type":"page","link":"https:\/\/www.dev.pankrome.fr\/MJC\/stages-vacances-de-printemps-paques\/","title":{"rendered":"Stages vacances de Printemps (P\u00e2ques)"},"content":{"rendered":"\t\t<div data-elementor-type=\"wp-page\" data-elementor-id=\"3745\" class=\"elementor elementor-3745\" data-elementor-post-type=\"page\">\n\t\t\t\t<div class=\"elementor-element elementor-element-04065cb e-flex e-con-boxed e-con e-parent\" data-id=\"04065cb\" data-element_type=\"container\" data-e-type=\"container\">\n\t\t\t\t\t<div class=\"e-con-inner\">\n\t\t<div class=\"elementor-element elementor-element-f4b272b e-con-full e-flex e-con e-child\" data-id=\"f4b272b\" data-element_type=\"container\" data-e-type=\"container\">\n\t\t\t\t<div class=\"elementor-element elementor-element-0ef4afc elementor-widget__width-inherit elementor-widget elementor-widget-taxonomy-filter\" data-id=\"0ef4afc\" data-element_type=\"widget\" data-e-type=\"widget\" data-settings=\"{&quot;selected_element&quot;:&quot;116a3cd&quot;,&quot;taxonomy&quot;:&quot;public&quot;,&quot;item_alignment_horizontal&quot;:&quot;start&quot;,&quot;horizontal_scroll_mobile&quot;:&quot;disable&quot;,&quot;horizontal_scroll&quot;:&quot;disable&quot;}\" data-widget_type=\"taxonomy-filter.default\">\n\t\t\t\t\t\t\t<search class=\"e-filter\" role=\"search\" data-base-url=\"https:\/\/www.dev.pankrome.fr\/MJC\/\" data-page-num=\"1\">\n\t\t\t\t\t\t\t<button class=\"e-filter-item\" data-filter=\"adolescent\" aria-pressed=\"false\">Adolescent<\/button>\n\t\t\t\t\t\t\t<button class=\"e-filter-item\" data-filter=\"adultes\" aria-pressed=\"false\">Adultes<\/button>\n\t\t\t\t\t\t\t<button class=\"e-filter-item\" data-filter=\"enfant\" aria-pressed=\"false\">Enfant<\/button>\n\t\t\t\t\t\t\t<button class=\"e-filter-item\" data-filter=\"jeune-enfant\" aria-pressed=\"false\">Jeune enfant<\/button>\n\t\t\t\t\t\t\t<button class=\"e-filter-item\" data-filter=\"parents-enfants\" aria-pressed=\"false\">Parents-Enfants<\/button>\n\t\t\t\n\t\t\t\t\t\t\t\t<\/search>\n\t\t\t\t\t\t<\/div>\n\t\t\t\t<\/div>\n\t\t\t\t<div class=\"elementor-element elementor-element-116a3cd elementor-grid-4 grille-a-filtrer elementor-grid-tablet-2 elementor-grid-mobile-1 elementor-widget elementor-widget-loop-grid\" data-id=\"116a3cd\" data-element_type=\"widget\" data-e-type=\"widget\" data-settings=\"{&quot;template_id&quot;:&quot;1169&quot;,&quot;columns&quot;:4,&quot;row_gap&quot;:{&quot;unit&quot;:&quot;px&quot;,&quot;size&quot;:25,&quot;sizes&quot;:[]},&quot;_skin&quot;:&quot;post&quot;,&quot;columns_tablet&quot;:&quot;2&quot;,&quot;columns_mobile&quot;:&quot;1&quot;,&quot;edit_handle_selector&quot;:&quot;[data-elementor-type=\\&quot;loop-item\\&quot;]&quot;,&quot;row_gap_tablet&quot;:{&quot;unit&quot;:&quot;px&quot;,&quot;size&quot;:&quot;&quot;,&quot;sizes&quot;:[]},&quot;row_gap_mobile&quot;:{&quot;unit&quot;:&quot;px&quot;,&quot;size&quot;:&quot;&quot;,&quot;sizes&quot;:[]}}\" data-widget_type=\"loop-grid.post\">\n\t\t\t\t<div class=\"elementor-widget-container\">\n\t\t\t\t\t\t\t<div class=\"e-loop-nothing-found-message\">\n\t\t<\/div>\n\t\t\t\t\t\t<\/div>\n\t\t\t\t<\/div>\n\t\t\t\t\t<\/div>\n\t\t\t\t<\/div>\n\t\t\t\t<\/div>\n\t\t","protected":false},"excerpt":{"rendered":"<p>Encore des nouveaut\u00e9s au programme des vacances de printemps ! : com\u00e9die musicale, journalisme, d\u00e9couverte Opera en partenariat avec le Festival d\u2019Art Lyrique, mais aussi podcast, Djing et bien s\u00fbr, toutes les activit\u00e9s habituelles qu\u2019on ne pr\u00e9sente plus : Escalade en falaise, th\u00e9\u00e2tre, arts plastiques, dessin manga, vid\u00e9o\u2026 Un beau bouquet d\u2019activit\u00e9s !<\/p>\n","protected":false},"author":1,"featured_media":3682,"parent":0,"menu_order":0,"comment_status":"closed","ping_status":"closed","template":"","meta":{"_acf_changed":false,"_seopress_titles_title":"","_seopress_titles_desc":"","_seopress_robots_index":"","_seopress_robots_follow":"","_seopress_robots_imageindex":"","_seopress_robots_snippet":"","_seopress_robots_primary_cat":"","_seopress_robots_breadcrumbs":"","_seopress_robots_freeze_modified_date":"","_seopress_robots_custom_modified_date":"","_seopress_robots_canonical":"","_seopress_social_fb_title":"","_seopress_social_fb_desc":"","_seopress_social_fb_img":"","_seopress_social_fb_img_attachment_id":0,"_seopress_social_fb_img_width":0,"_seopress_social_fb_img_height":0,"_seopress_social_twitter_title":"","_seopress_social_twitter_desc":"","_seopress_social_twitter_img":"","_seopress_social_twitter_img_attachment_id":0,"_seopress_social_twitter_img_width":0,"_seopress_social_twitter_img_height":0,"_seopress_redirections_value":"","_seopress_redirections_enabled":"","_seopress_redirections_enabled_regex":"","_seopress_redirections_logged_status":"","_seopress_redirections_param":"","_seopress_redirections_type":0,"_seopress_analysis_target_kw":"","footnotes":""},"class_list":["post-3745","page","type-page","status-publish","has-post-thumbnail","hentry"],"acf":[],"_links":{"self":[{"href":"https:\/\/www.dev.pankrome.fr\/MJC\/wp-json\/wp\/v2\/pages\/3745","targetHints":{"allow":["GET"]}}],"collection":[{"href":"https:\/\/www.dev.pankrome.fr\/MJC\/wp-json\/wp\/v2\/pages"}],"about":[{"href":"https:\/\/www.dev.pankrome.fr\/MJC\/wp-json\/wp\/v2\/types\/page"}],"author":[{"embeddable":true,"href":"https:\/\/www.dev.pankrome.fr\/MJC\/wp-json\/wp\/v2\/users\/1"}],"replies":[{"embeddable":true,"href":"https:\/\/www.dev.pankrome.fr\/MJC\/wp-json\/wp\/v2\/comments?post=3745"}],"version-history":[{"count":10,"href":"https:\/\/www.dev.pankrome.fr\/MJC\/wp-json\/wp\/v2\/pages\/3745\/revisions"}],"predecessor-version":[{"id":3874,"href":"https:\/\/www.dev.pankrome.fr\/MJC\/wp-json\/wp\/v2\/pages\/3745\/revisions\/3874"}],"wp:featuredmedia":[{"embeddable":true,"href":"https:\/\/www.dev.pankrome.fr\/MJC\/wp-json\/wp\/v2\/media\/3682"}],"wp:attachment":[{"href":"https:\/\/www.dev.pankrome.fr\/MJC\/wp-json\/wp\/v2\/media?parent=3745"}],"curies":[{"name":"wp","href":"https:\/\/api.w.org\/{rel}","templated":true}]}}

Stages vacances de Printemps (Pâques)

<p>Encore des nouveautés au programme des vacances de printemps ! : comédie musicale, journalisme, découverte Opera en partenariat avec le Festival d’Art Lyrique, mais aussi podcast, Djing et bien sûr, toutes les activités habituelles qu’on ne présente plus : Escalade en falaise, théâtre, arts plastiques, dessin manga, vidéo… Un beau bouquet d’activités !</p>
